28, -4*c + 80 + 156 = 4*m. What is the greatest common divisor of 11 and c?
11
Let f be 1/(-8) - (-105)/8. Suppose f*q - 160 = 152. Calculate the greatest common factor of 60 and q.
12
Let u(b) = 12*b**2 + 4*b - 1. Let o be u(-3). Let y(p) = -14*p + 9. Let n be y(4). Let m = n + o. Calculate the greatest common factor of m and 12.
12
Suppose -87 = 14*j - 227. Calculate the highest common divisor of j and 250.
10
Let n(c) = -2*c + 24. Let v be n(12). Suppose v = 4*b - 3*x - 126, 0 = -b + 4*b - 3*x - 96. Calculate the highest common factor of 12 and b.
6
Suppose 224 = -13*c + 21*c. Calculate the greatest common divisor of c and 21.
7
Let j(h) = 44*h + 9. Let p be j(-3). Let l = -73 - p. What is the highest common divisor of l and 5?
5
Suppose -3606 = -9*r - 906. Let n(f) = -4 + 0*f + 0*f + 2 - 2*f + 7*f**2. Let v be n(-2). What is the greatest common divisor of v and r?
30
Let v be (567/42)/((-2)/(-20)). Calculate the highest common factor of v and 180.
45
Suppose -2384*u + 2394*u = 170. What is the greatest common factor of u and 3672?
17
Let s = 13756 + -13658. Let w(b) = 2*b**3 - 2*b + 2. Let x be w(2). What is the greatest common factor of s and x?
14
Let h be (((-40)/15)/(-4))/(3/432). What is the highest common divisor of h and 432?
48
Let s = 60 - 39. Suppose -3*m + s + 18 = 0. Let t be 0/(-2) - 234/(-2). What is the greatest common factor of m and t?
13
Suppose -2*d - 3*q + 20 = 0, -d - 6*q = -q - 24. Let a be d*(2 - -10 - 4). Calculate the greatest common divisor of a and 16.
16
Let i = -1 + 1. Suppose 24 = 3*h - i*h. Suppose -g + 3*f + 10 = 0, 3*f + 0*f = -2*g - 7. What is the greatest common divisor of h and g?
1
Let q(z) = -13*z + 152. Let k be q(11). Calculate the highest common divisor of k and 72.
9
Let l(g) = g + 6. Let j be l(5). Suppose -7 = x - j. What is the greatest common factor of x and 4?
4
Let p = -4 - -11. Let a = -814 - -849. What is the greatest common factor of p and a?
7
Suppose 2*g + 30 = 32, -u + 2*g + 49 = 0. Calculate the greatest common factor of 901 and u.
17
Let u be ((-3)/((-36)/(-32)) + -3)*-3. What is the greatest common factor of u and 1649?
17
Let i be -2 - (2 - (35 - 1)). Let p(o) = -o**3 - 2*o**2 + 14*o - 3. Let w be p(-5). Suppose -i = -y - w*y. Calculate the highest common divisor of 1 and y.
1
Let o = -15 + 50. Suppose -4*v - o = v. Let k = v + 18. Calculate the greatest common factor of 1 and k.
1
Suppose -18 + 74 = 2*r. Suppose 0 = 3*q - 3*j - 9 - 6, 3*j = -6. Suppose o - q*o + g = -60, -3*o + 88 = -g. What is the highest common factor of r and o?
28
Let s(k) = 4*k - 24. Let j be s(7). Let r be 1*(4/(-16) - (-37)/j). What is the greatest common factor of r and 6?
3
Let s = 233 - -250. Let m = s + -267. What is the highest common factor of 24 and m?
24
Let r = -447 + 933. Suppose 0 = -2*a - 5*o - 22, -2*a = -9*o + 4*o + 62. Let m be (a/(-6))/7*r. Calculate the highest common factor of 27 and m.
27
Let i be 13/3*(-156)/(-169). Let y be ((-12)/10)/((-3)/10). What is the highest common divisor of y and i?
4
Suppose -u + 5*y = -155, -3*y - 530 = -4*u - y. Calculate the highest common divisor of 20 and u.
10
Let m = 256 - 249. What is the greatest common divisor of m and 259?
7
Let o(p) = 4*p**2 - 2. Let r be o(-3). Let q(w) = 184*w - 3126. Let a be q(17). Calculate the highest common divisor of r and a.
2
Let h = 961 - 911. What is the highest common factor of 70 and h?
10
Suppose -k - 5*s + 31 = -48, -142 = -2*k - 2*s. Calculate the greatest common divisor of k and 46.
23
Let f = -223 + 603. Calculate the greatest common factor of 60 and f.
20
Let f = 26 - 18. Let r be (-2 + -2)*(-27)/4. Let s = -11 + r. Calculate the highest common divisor of f and s.
8
Let i = -264 + 390. What is the highest common divisor of 14 and i?
14
Let j be (-1)/(-4) - -127*(-1)/(-4). Let h(w) = 7*w**3 + w. Let y be h(1). What is the greatest common divisor of j and y?
8
Let f(r) = -16*r. Suppose 3*a = 2*p + 2*p + 5, -3*p - 40 = 5*a. Let b be f(a). What is the greatest common divisor of 10 and b?
10
Suppose -5*x = 4*c - 172, 5*c - 12 = 5*x - 157. What is the greatest common divisor of 32 and x?
32
Let q(g) = 27*g**2 + 35*g + 1. Let m be q(1). Let w(d) = -d**3 - d**2 - d + 1. Let u be w(-2). Calculate the highest common divisor of m and u.
7
Let p(w) = -2*w**2 - 159*w - 231. Let r be p(-78). What is the highest common factor of r and 145?
1
Suppose 0 = -5*h - 3*s - 0*s - 27, -5*h = -3*s + 33. Let q = 19 + h. Let r be 5 + (4 + -2 - -1) + 44. Calculate the greatest common divisor of r and q.
13
Suppose 0 = -2*l + 18*j - 20*j + 1376, 2*l + 5*j = 1361. What is the highest common factor of 99 and l?
99
Suppose 33768 = -3459*i + 3477*i. Calculate the highest common divisor of 67 and i.
67
Let s be 2/8 - (-153)/12. Suppose 24 = s*w - 10*w. Calculate the highest common factor of w and 1.
1
Suppose -3*o = -3, 17 = 3*v + 5*o - 0*o. Let y = v - 0. Suppose y*q - 461 - 23 = 0. Calculate the greatest common factor of 11 and q.
11
Suppose -311 - 190 = 4*z + 3*q, -2*z + 3*q - 273 = 0. Let x = 173 + z. What is the highest common divisor of 220 and x?
44
Suppose -3*l = 2*l - 30. Let c = -1102 - -1108. Calculate the greatest common factor of c and l.
6
Let i be (-6 - (-2 + -1))*-117. Let w = i - 207. Calculate the greatest common divisor of 18 and w.
18
Suppose 2*j = 7*j - 2*l + 20, -3*l + 21 = -3*j. Let m be (3/(-2) - 45/j)*5. Calculate the highest common factor of 35 and m.
35
Suppose 5 = 2*p - 2*r - 13, 3*p - 5*r = 27. Suppose -41*k + 121 + 248 = 0. Calculate the highest common divisor of p and k.
9
Let k = -57 - -125. Calculate the highest common factor of 85 and k.
17
Let s(o) = -18*o**3 - 3*o**2 - o + 1. Let i be s(-2). Let r = 97 - 37. Suppose -10*j = -6*j - r. Calculate the highest common factor of j and i.
15
Let a(x) = -x + 11 - 8*x - 4*x + 2*x. Let h be a(-6). Suppose 2*f = -w + 4 + 13, -29 = -2*w - 3*f. Calculate the highest common divisor of h and w.
7
Let h(j) = -5*j - 41. Let u be h(-13). Let m = u + 7. What is the highest common factor of m and 93?
31
Let u be 5/(-2) + (-181507)/(-82). Calculate the greatest common divisor of u and 33.
33
Let z be (124/(-31))/((-4)/37). What is the highest common divisor of 111 and z?
37
Let i be (-2*27/(-30))/(2/10). What is the highest common divisor of i and 9?
9
Let x(z) = -z**2 - 29*z - 71. Let a be x(-26). What is the greatest common divisor of 35 and a?
7
Suppose -21 - 75 = -2*g. Let d = 7 + -2. Suppose -d - 7 = -x. Calculate the highest common factor of x and g.
12
Let q be (-2)/(-8) + (-70)/(-8). Let g be 18/(-27) - 44/6. Let z be ((-9)/(-2))/(((-4)/g)/1). Calculate the highest common divisor of q and z.
9
Let k be (-8)/(-10) - (-516)/5. What is the greatest common factor of 8 and k?
8
Let h be 5*(10857/1410 - 1/10). Let p = 58 + 170. Calculate the greatest common factor of p and h.
38
Let z = 107 - 17. Suppose 23*v = 26*v - z. Calculate the highest common divisor of 12 and v.
6
Suppose 4*p + 381 = -19. Let v be (2/4)/(5/p). Let t be (24/v)/((-14)/245). Calculate the highest common divisor of t and 6.
6
Let m(d) = -d**3 + 4*d**2 + 13*d - 4. Let r be m(6). Let u be r/(1 - (-7)/(-9)). What is the highest common factor of 27 and u?
9
Suppose -f + 20 = -2*m - 5, 5*m + 4*f + 56 = 0. Let i = m + 15. Let j be (1 + i/(-6))*64. What is the greatest common factor of 16 and j?
16
Let l(i) = -i**3 + 2*i**2 + 5*i. Let r(k) = -2*k + 15. Let p be r(6). Let v be l(p). What is the greatest common factor of v and 6?
6
Suppose 3 = -3*d - 0, 2*x + d = 11. Suppose -b + 2 = -i, -x - 14 = 5*b + 5*i. Let l be (0 - b) + (-1 - -8). Calculate the greatest common factor of 24 and l.
8
Let d(k) = -3*k + 45. Let w(o) = -12*o + 179. Let m(z) = -9*d(z) + 2*w(z). Let i be m(16). Calculate the highest common divisor of i and 16.
1
Suppose -6*p = -2*p - 12. Suppose 2*a + 4*o = -0*a + 20, -p*a = o - 10. What is the greatest common divisor of a and 10?
2
Let o = 927 - 462. Calculate the highest common divisor of o and 15.
15
Let r = 2 - -3. Suppose r*c = -k + 1 + 10, -2*k + 6 = 2*c. Suppose -5*h = c*u - 24, -4*u + 22 - 4 = -5*h. Calculate the highest common factor of u and 7.
7
Let f(x) = x**3 + x**2 - 13*x - 22. Let h be f(5). What is the greatest common divisor of h and 1575?
63
Let x(r) = -5*r + 2. Let t(k) = -k**2 